{"id":3,"date":"2021-09-16T23:42:44","date_gmt":"2021-09-16T21:42:44","guid":{"rendered":"http:\/\/jebena.ch\/?page_id=3"},"modified":"2022-02-07T09:17:44","modified_gmt":"2022-02-07T08:17:44","slug":"impressum","status":"publish","type":"page","link":"http:\/\/jebena.ch\/?page_id=3","title":{"rendered":"Impressum"},"content":{"rendered":"\n<h2 id=\"wer-wir-sind\">Wer wir sind<\/h2>\n\n\n\n<p>Die Adresse unserer Website ist: http:\/\/jebena.ch.<\/p>\n\n\n\n<p>Woinshet Chane Maurer<br>Seftigenstrasse<br>3084 Wabern b. Bern<br>Tel. 077 921 27 34<\/p>\n\n\n\n<p>Webseite by Jebena.ch<\/p>\n\n\n\n<h2 id=\"absageregelung\">Absageregelung<\/h2>\n\n\n\n<p>Sollten Sie einen <strong>Termin nicht wahrnehmen k\u00f6nnen<\/strong>, so sagen Sie diesen bitte telefonisch rechtzeitig ab. Absagen sind <strong>bis 24 Stunden vor Terminbeginn <\/strong>f\u00fcr Sie kostenfrei. Sollten Sie den Termin sp\u00e4ter als 24 Stunden vorher absagen, sehen wir uns leider gezwungen, Ihnen eine Ausfallgeb\u00fchr in der H\u00f6he von CHF 80.- Franken zu verrechnen.<\/p>\n\n\n\n<p>Diese Absageregelung gilt unabh\u00e4ngig vom Grund der Absage.<\/p>\n\n\n\n<h2 id=\"medien\">Medien<\/h2>\n\n\n\n<p>Alle Fotos und Abbildungen sind durch das Urheberrechtsgesetz gesch\u00fctzt. S\u00e4mtliche Rechte zur Vervielf\u00e4ltigung geh\u00f6ren dem Inhaber der Website.<\/p>\n\n\n\n<h2 id=\"kommentare\">Kommentare<\/h2>\n\n\n\n<p>Wenn Besucher Kommentare auf der Website schreiben, sammeln wir die Daten, die im Kommentar-Formular angezeigt werden, ausserdem die IP-Adresse des Besuchers und den User-Agent-String (damit wird der Browser identifiziert), um die Erkennung von Spam zu unterst\u00fctzen.<\/p>\n\n\n\n<p>Aus Ihrer E-Mail-Adresse kann eine anonymisierte Zeichenfolge erstellt (auch Hash genannt) und dem Gravatar-Dienst \u00fcbergeben werden, um zu pr\u00fcfen, ob Sie diesen benutzt. Die Datenschutzerkl\u00e4rung des Gravatar-Dienstes finden Sie hier: https:\/\/automattic.com\/privacy\/. Nachdem Ihr Kommentar freigegeben wurde, ist Ihr Profilbild \u00f6ffentlich im Kontext Ihres Kommentars sichtbar.<\/p>\n\n\n\n<h2 id=\"cookies\">Cookies<\/h2>\n\n\n\n<p>Wenn Sie einen Kommentar auf unserer Website schreiben, kann das eine Einwilligung sein, Ihren Namen, E-Mail-Adresse und Website in Cookies zu speichern. Dies ist eine Komfortfunktion, damit Sie nicht, wenn Sie einen weiteren Kommentar schreiben, all diese Daten erneut eingeben m\u00fcssen. Diese Cookies werden ein Jahr lang gespeichert.<\/p>\n\n\n\n<h2 id=\"eingebettete-inhalte-von-anderen-websites\">Eingebettete Inhalte von anderen Websites<\/h2>\n\n\n\n<p>Beitr\u00e4ge auf dieser Website k\u00f6nnen eingebettete Inhalte beinhalten (z.&nbsp;B. Videos, Bilder, Beitr\u00e4ge etc.). Eingebettete Inhalte von anderen Websites verhalten sich exakt so, als ob der Besucher die andere Website besucht h\u00e4tte.<\/p>\n\n\n\n<p>Diese Websites k\u00f6nnen Daten \u00fcber Sie sammeln, Cookies benutzen, zus\u00e4tzliche Tracking-Dienste von Dritten einbetten und Ihre Interaktion mit diesem eingebetteten Inhalt aufzeichnen, inklusive Ihrer Interaktion mit dem eingebetteten Inhalt, falls Sie ein Konto haben und auf dieser Website angemeldet sind.<\/p>\n\n\n\n<h2 id=\"wie-lange-wir-ihre-daten-speichern\">Wie lange wir Ihre Daten speichern<\/h2>\n\n\n\n<p>Wenn Sie einen Kommentar schreiben, wird dieser inklusive Metadaten zeitlich unbegrenzt gespeichert. Auf diese Art k\u00f6nnen wir Folgekommentare automatisch erkennen und freigeben, anstatt sie in einer Moderations-Warteschlange festzuhalten.<\/p>\n\n\n\n<h2 id=\"wohin-wir-ihre-daten-senden\">Wohin wir Ihre Daten senden<\/h2>\n\n\n\n<p>Besucher-Kommentare k\u00f6nnten von einem automatisierten Dienst zur Spam-Erkennung untersucht werden.<\/p>\n\n\n\n<p>Jebena.ch \u00a92022<\/p>\n","protected":false},"excerpt":{"rendered":"<p>Wer wir sind Die Adresse unserer Website ist: http:\/\/jebena.ch. Woinshet Chane MaurerSeftigenstrasse3084 Wabern b. BernTel. 077 921 27 34 [&hellip;]<\/p>\n","protected":false},"author":1,"featured_media":0,"parent":0,"menu_order":0,"comment_status":"closed","ping_status":"closed","template":"","meta":[],"_links":{"self":[{"href":"http:\/\/jebena.ch\/index.php?rest_route=\/wp\/v2\/pages\/3"}],"collection":[{"href":"http:\/\/jebena.ch\/index.php?rest_route=\/wp\/v2\/pages"}],"about":[{"href":"http:\/\/jebena.ch\/index.php?rest_route=\/wp\/v2\/types\/page"}],"author":[{"embeddable":true,"href":"http:\/\/jebena.ch\/index.php?rest_route=\/wp\/v2\/users\/1"}],"replies":[{"embeddable":true,"href":"http:\/\/jebena.ch\/index.php?rest_route=%2Fwp%2Fv2%2Fcomments&post=3"}],"version-history":[{"count":7,"href":"http:\/\/jebena.ch\/index.php?rest_route=\/wp\/v2\/pages\/3\/revisions"}],"predecessor-version":[{"id":284,"href":"http:\/\/jebena.ch\/index.php?rest_route=\/wp\/v2\/pages\/3\/revisions\/284"}],"wp:attachment":[{"href":"http:\/\/jebena.ch\/index.php?rest_route=%2Fwp%2Fv2%2Fmedia&parent=3"}],"curies":[{"name":"wp","href":"https:\/\/api.w.org\/{rel}","templated":true}]}}